ne t(b).
14
Let v(h) be the second derivative of -h**4/12 + h**3/2 + 13*h**2/2 - 39*h. Calculate v(5).
3
Let b(r) = 8*r + 13. Suppose 9 = -19*o + 16*o - 3*f, 3*o - 3*f + 27 = 0. Determine b(o).
-35
Suppose -j = 3*u - 5*j + 26, 0 = -3*u - 2*j + 4. Let h(i) = -i**2 - 3*i. Let c be h(u). Let g be -5 + c/(3 - 1). Let o(t) = t + 5. Calculate o(g).
1
Let u(l) = -26*l + 15. Let k(b) = 22*b - 13. Let p(x) = 7*k(x) + 6*u(x). Let z(s) = s. Let g be z(-1). What is p(g)?
1
Let p(s) = -s**2 - 9*s - 4. Suppose -5 + 15 = 3*d - 2*r, -3*r + 19 = 4*d. Suppose l - 7 = 4*k + 19, d*k + 4*l = -36. Calculate p(k).
10
Let y(b) be the second derivative of 5*b**3/6 - 53*b**2/2 + 217*b. Determine y(10).
-3
Let m(a) be the third derivative of -a**5/60 - 29*a**4/24 - 31*a**3/6 + 10*a**2 + 4*a. Calculate m(-28).
-3
Let i(b) be the third derivative of 2*b**2 + 0*b + 0*b**3 + 7/60*b**5 + 1/24*b**4 + 0. Determine i(-1).
6
Suppose -2*m + 9 = o, 3*o + 7*m - 25 = 2*m. Suppose -13 + o = 2*i. Let f(b) be the third derivative of -b**4/8 - b**3 - b**2. What is f(i)?
6
Let n(u) = 5*u**3 - 5*u**2 + 14*u + 6. Let s(z) = 2*z**3. Let j(g) = n(g) - 3*s(g). Calculate j(-7).
6
Let m(n) = -9*n - 37. Let x be m(-5). Let h(v) = v**2 - 8*v + 5. Determine h(x).
5
Let j = -45 - -49. Suppose -t - j = -3. Let s(m) = 6*m**3 - 2*m**2 - m. What is s(t)?
-7
Suppose -c = 3*d + 2, 0 = -c + 5*d - 2*d + 10. Let a be 3/6 + (-10)/c. Let v(l) = -3*l**3 - l**2 - l + 1. Give v(a).
23
Let x be 122/(-18) + 4/(-18). Let w(u) = -u**3 - 2*u**2 + 3*u + 3. Let v be w(-3). Let j = v + x. Let f(o) = o**2 + 4*o - 4. Calculate f(j).
-4
Let g(k) = -20*k + 1. Let b(z) = 2*z - 1. Let d(y) = -6*b(y) - g(y). Calculate d(-2).
-11
Let r(m) = -335 + 8*m + 0*m + 333. What is r(1)?
6
Let s(n) = 4*n - 7. Let j(l) = -l**3 + 4*l**2 + 9*l - 12. Let h be j(5). Calculate s(h).
25
Let z(a) = -4*a**3 - a**2 - a - 1. Let u(y) = y**2 - 2*y - 3. Let o be ((-3)/(-2) + -3)*-2. Let s be u(o). Let k be (-2)/2 + s/4. What is z(k)?
3
Let v(r) = -11*r**3 + r**2 - r - 1. Let u be v(-1). Suppose u = -n - 2*n. Let l(f) be the third derivative of f**4/24 - f**3/6 - f**2. What is l(n)?
-5
Let i(y) = -y**3 - 3*y**2 + 2*y - 4. Let q be i(-4). Let a(n) = -n + 12. Let t(o) = -3*o + 71. Let j(s) = -6*a(s) + t(s). Calculate j(q).
11
Let j(d) = 32*d + 3 + 24*d - 54*d + d**3. What is j(-3)?
-30
Let p(s) = 18 + 15 - 29 - s. Calculate p(6).
-2
Let o(h) be the first derivative of 2*h**2 - 3*h + 5. Let m be o(-5). Let u = 18 + m. Let k(c) = c**3 + 4*c**2 - 6*c - 1. Give k(u).
4
Let n(l) = -2*l**2 + 2*l**3 + 8 + 0*l**3 + 5. Let r(y) = -y**3 + y**2 - 6. Let x(g) = 4*n(g) + 9*r(g). Give x(-2).
10
Let k(s) be the third derivative of s**5/20 + s**4/8 + s**3/6 + 2*s**2 - 23. Let g(f) = f - 8. Let r be g(6). What is k(r)?
7
Let b(a) = a**2 + a - 1. Let o be b(-4). Let g(n) = -199*n**2 + 399*n**2 - 4 - 201*n**2 + 12*n. Calculate g(o).
7
Let k(f) be the third derivative of -f**5/60 + f**4/24 + 7*f**3/3 - 18*f**2 - 4*f. Calculate k(0).
14
Let l(j) = j**2 + 6*j + 4. Suppose 0 = -5*z + h - 32, -26*h + 22*h = -8. Determine l(z).
4
Suppose 2*c = -5*o + 4, -5*o + 0 = c - 2. Let w(d) = -c*d + 5 + 6*d - 2*d. Suppose -234*l - 1374 - 264 = 0. Calculate w(l).
-9
Suppose -m + 5 - 6 = 0. Let z(b) = 2 - 7 + 12*b + 6. What is z(m)?
-11
Let k(r) = -r**2 - 2*r + 1. Let t(z) = -z - 4. Let l be t(0). Let v be 1/2*l - (0 + -3). Calculate k(v).
-2
Let i(d) = d**3 + 6*d**2 + 5*d + 6. Suppose 41*h - 20*h + 126 = 0. Determine i(h).
-24
Let x(d) = d**2 + 28*d + 174. Let f be x(-19). Let w(n) be the third derivative of 0*n**f - 13*n**2 + 1/3*n**4 + 0 + 0*n. Give w(-2).
-16
Let f = -2128 - -2139. Let d(b) = -b**3 + 12*b**2 - 9*b - 16. Give d(f).
6
Let b be (1/(-2))/((-44)/(-24) + -2). Let d be b/(((-1)/9)/(8/24)). Let x(l) = l + 9. Determine x(d).
0
Let x(i) be the second derivative of -i**4/12 - i**3 - 2*i**2 + 2*i + 40. Determine x(-5).
1
Suppose -6*x + 39 = 3. Let b(v) be the third derivative of -v**6/120 + 7*v**5/60 - 7*v**4/24 - 2*v**3/3 + 3*v**2. Calculate b(x).
-10
Let z(o) = -o + 4. Let w(i) = -i + 4. Let k(g) = 5*w(g) - 4*z(g). Give k(0).
4
Suppose 0 = -54*u + 19*u + 70. Let o(k) = -2*k - 3. Determine o(u).
-7
Let b(g) = g**3 - 9*g**2 + 6*g + 8. Let v = -681 + 689. Give b(v).
-8
Let z be 5 + (1 + -1)/3. Let n = 4 + -3. Suppose -n + z = -c. Let b(w) = -w**2 - 3*w - 1. What is b(c)?
-5
Let i(a) = -a**3 + 3*a - 3. Let w = 1 + 10. Suppose -11 - 11 = -w*j. Determine i(j).
-5
Let v(p) be the third derivative of p**9/60480 - p**8/2880 + p**7/840 - p**6/720 - 31*p**5/60 + 19*p**2. Let g(q) be the third derivative of v(q). What is g(5)?
-21
Suppose -5*p = y - 23, y = 6*y + 10. Suppose 21 = 4*n - 4*t - 15, -p*n + 4*t = -50. Suppose 4*f - n - 6 = 0. Let x(w) = -w + 1. What is x(f)?
-4
Let v(w) = -4*w + 2*w**2 - 6 - 4*w**2 - 2 + 4*w**2. Let p be v(4). Let u(h) = -p + 1 - h + 3. Give u(-4).
0
Suppose -3*t = -4*t. Let i be t*2*(-2)/(-8). Let g(f) = f**3 + 4 - 20*f**2 + 1 + f**3 + 21*f**2 - f**3. Determine g(i).
5
Let g(m) = 2*m - 6 - 4*m - 5*m + 3*m + m. What is g(-6)?
12
Let g(n) = n**2 + 12*n - 6 - 2*n**2 - 15*n. Let t be ((-20)/(-12) - 1)*-6. What is g(t)?
-10
Let f(m) = m**3 - 7*m**2 + 6*m + 8. Let t be f(6). Let o(j) = j**3 - 8*j**2 - 3*j - 10. Determine o(t).
-34
Let s(j) be the second derivative of -j**3/6 - 2*j - 6. Let w(f) = -4*f. Let d(g) = -s(g) + w(g). Determine d(-8).
24
Let o = 434 + -435. Let t(i) = -34*i - 1. What is t(o)?
33
Let q(l) be the third derivative of l**8/20160 + l**7/1680 - l**6/240 + l**5/20 + l**2. Let j(b) be the third derivative of q(b). What is j(-4)?
1
Let z(s) be the first derivative of -5*s**2/2 + 18*s - 299. Determine z(5).
-7
Let f(k) = 7*k**3 - 29*k**2 - 7*k + 13. Let i = -66 - -57. Let b(s) = -3*s**3 + 14*s**2 + 4*s - 6. Let q(u) = i*b(u) - 4*f(u). Determine q(-9).
-7
Let o = -63 - -66. Let h = 2 + 0. Let v(a) = o*a**h + a**2 - 2*a + 6*a + a**3 + 3. Give v(-3).
0
Let c(g) = -3*g - 3. Let k(p) = p**2 + 4*p - 55. Let w be k(-10). Suppose -2*o - 21 = w*o. Calculate c(o).
6
Let g = -87 + 78. Let c = g - -1. Let p(b) = b**3 + 9*b**2 + 8*b + 7. Determine p(c).
7
Let t(r) be the second derivative of -r**4/6 + 5*r**3/3 + 4*r**2 + 123*r. What is t(6)?
-4
Let p be 4 - -5*2/(-5). Let x be (-1)/(3 - p) + -3. Let z(l) = -l**3 + l**2 + l - 1. Let n(u) = -4*u**2 - u + 2. Let g(v) = -n(v) - z(v). What is g(x)?
-17
Suppose 4 = r + r + 2*c, -3*r - 5*c + 6 = 0. Let f(m) = m + 8 - 8*m**r - 7 - m. What is f(1)?
-7
Let z = -66 + 61. Let s be (-3 - 18/z)/(3/(-15)). Let a(x) = -4 - x**2 + 2*x**3 - x**3 + 5*x**2 + x. What is a(s)?
2
Let r(d) = 4*d - 14 + 0 + 8 - 3*d. Let t(p) = -p + 6. Let n(i) = 3*r(i) + 4*t(i). Calculate n(7).
-1
Let k be (-99)/36 + (-8)/32. Let x(w) = -5*w**2 + w + 4. Calculate x(k).
-44
Let b(w) = -2*w**3 - w**2 + 1. Let z(t) = 7*t**3 + 10*t**2 + 7*t + 2. Let o(r) = 4*b(r) + z(r). Give o(7).
6
Let g(a) = a**2 + a + 9. Let n be g(9). Suppose 4*c = -o + 72, 2*o = 5*c + o - n. Let j = c + -14. Let y(r) = r**2 - 8*r + 7. Determine y(j).
-8
Let r(b) = -b**3 + b - 1. Suppose 3 = 2*o + l, l + 17 = o + 2*o. Suppose 3*x = y - 4, -y - 5*x - o = -0*y. Determine r(y).
-1
Let b(y) be the second derivative of y**4/12 - y**3/6 - y**2 - y. Let m(p) be the first derivative of p**3/3 - 2*p**2 - 8*p + 2. Let c be m(5). What is b(c)?
10
Suppose 78*x = 108 - 498. Let r(f) = f**2 - f**2 - f**2 - 2*f + 1. Determine r(x).
-14
Let p(y) = 3*y + 0*y - 6*y - 5 + 0*y + y**2. Let v be ((-10)/4)/((-15)/210). Suppose 3*b = 47 - v. Give p(b).
-1
Suppose -5*u + 4*h - 6 = -0, -4*u - 12 = -5*h. Let m(t) = -t**2 - 3*t**2 - t + 3*t**u - 10. Suppose 46*n - 15*n = -8*n. Calculate m(n).
-10
Let u(l) = -43*l + 5. Let r(f) = -15*f + 2. Let j(c) = -11*r(c) + 4*u(c). Let v = 4 + -6. What is j(v)?
12
Let k(c) = 2*c**2 - 4*c - 4. Suppose 1 = g - 2*j, 4*g + 2 = 3*j + 11. What is k(g)?
2
Let d(w) = w**3 + 3*w**2 - 2. Let p = -5 + -31. Let l = -39 - p. Determine d(l).
-2
Suppose -h = 0, -8 - 70 = 3*z + 5*h. Let q = 24 + z. Let p(r) = -1 - r**2 + r**3 - 5*r + 2*r**2 + 2*r. Calculate p(q).
1
Suppose 580 = 7*i + 580. Let a(c) = -22*c + 5. Give a(i).
5
Let a(k) = -40*k + 107. Let n(z) = -9*z + 27. Let q(s) = -2*a(s) + 9*n(s). What is q(0)?
29
Suppose -5*w = -6*i - 22, 6*w = 5*i + 11*w. Let t(m) = 4*m**2 + 4. Determine